3, 5
Suppose -3*b + 18 - 6 = 0. Suppose -2*j - 854 = -5*y + 495, -b*j = -5*y + 1343. Let h = y - 190. What are the prime factors of h?
3
Let q = 61604 + -37627. What are the prime factors of q?
23977
Let c be 282/8 - -2*3/(-24). Suppose -11*o + c = -4*o. Suppose 2*v - 160 = -0*v - 5*m, -2*v + o*m + 160 = 0. List the prime factors of v.
2, 5
Let t(o) = -10*o - 3. Let l be t(2). Let a(q) = -2*q - 12. List the prime factors of a(l).
2, 17
Suppose 10*b + 1485 = -23*b. Let m = 416 - b. List the prime factors of m.
461
Suppose 4*q + 5*w - 47859 = 0, -55*q + 52*q + 2*w = -35877. List the prime factors of q.
3, 443
Let u(a) = -a**2 - 15*a + 12. Suppose -22*l - 64 = -18*l. Let j be u(l). What are the prime factors of (-12 - -26)*(-46)/j?
7, 23
Suppose -5*j = -y - 1189, 3*j + y = 5*y + 727. Let t = -47 - -155. Let a = j - t. List the prime factors of a.
3, 43
Let r(c) = -c**3 + 7*c**2 + 11*c - 8. Let f be (-2328)/(-36) - 2/3. Let z = f + -56. List the prime factors of r(z).
2
Let u = -38 + 50. Suppose -11*r = 3*t - 10*r - 287, u = -3*r. What are the prime factors of t?
97
Let c be (58/(-6))/((-13)/(-39)). Let o = c + 26. Let w(i) = 7*i**2 - 3*i - 6. List the prime factors of w(o).
2, 3, 11
Let c be 34/306 - (-52670)/(-18). Let i = -2024 - c. List the prime factors of i.
2, 11, 41
Let x be (114/9)/(2/45). Let q = x - -83. Suppose 340 + q = 6*k. List the prime factors of k.
2, 59
Let v(o) = -23*o**2 + 20*o**2 - 3*o - 2 - 3*o. Let s be v(-2). Let n = 123 + s. What are the prime factors of n?
11
List the prime factors of 6*((-63)/7)/(-27) - -5775.
53, 109
Let x = -182 + 950. Let j = 65 + x. What are the prime factors of j?
7, 17
Let g(v) = 3*v**3 - 10*v**2 - 8*v - 9. Let l be g(9). Let s = l + -877. Suppose -a - 286 = -3*a + w, -3*a + s = -4*w. What are the prime factors of a?
5, 29
Let b be 12/(-10)*(-15)/(-6)*-1. Let n be 95/35 + 2/7 - b. Suppose n = 9*l - 5*l - 500. What are the prime factors of l?
5
Suppose u - 5*b = -3*u + 27, 4*b = -2*u - 6. Suppose 5*z = -3*g + 6*g + 3712, u*z - g - 2228 = 0. What are the prime factors of z?
743
Suppose 4*p - 1738 = -7*p. Let g = p + -83. Suppose g = -26*y + 31*y. What are the prime factors of y?
3, 5
Let k = -236 + 141. Let d = -91 - k. What are the prime factors of d/10 + 116/5*3?
2, 5, 7
Let a(t) = t**2 + 14*t - 6. Let y(j) be the first derivative of 2*j**3/3 + 13*j**2/2 - 7*j - 15. Let l(c) = 3*a(c) - 2*y(c). List the prime factors of l(12).
2, 11
Let i be 24/(-10) - 21/35. List the prime factors of ((-92)/i - 2)/(4/12).
2, 43
Let l(a) = 21*a**2 + 4*a + 21. Let u = -33 - -38. List the prime factors of l(u).
2, 283
Let u(g) = 12*g - 116. Let d be u(-16). Let m = 471 + d. List the prime factors of m.
163
Let t = 49 - 49. Let w(h) = -h**3 + h**2 + h - 1. Let s be w(t). List the prime factors of 31 + -7 + (3 + s)*-1.
2, 11
Let n(i) = 54 + 14*i + 3*i**2 - 14*i + 18*i - 53. Let v be n(-6). List the prime factors of (2 - 515/v)*(-2)/6.
3, 19
Suppose -5*a = -r - 143, 704*a - 703*a - 5*r = -5. Let y(h) = -26*h**3 + 2*h + 1. Let n be y(-1). Suppose 0 = n*u - a*u + 425. What are the prime factors of u?
5, 17
Let n = 52898 + -10850. What are the prime factors of n?
2, 3, 73
Let l = 10295 + -633. What are the prime factors of l?
2, 4831
Suppose 5*n - 2053 = -4*w, 2039 = 5*n - w - 2*w. What are the prime factors of 0 + 5 + 1 + n?
5, 83
Suppose -3*r = 5*q + 15, 2*r = -3*r + q + 3. Let y = 47 - 44. Suppose 208 = 2*p + y*k, -7*p + 3*p + 3*k + 434 = r. What are the prime factors of p?
107
Let f = 11520 - 1596. List the prime factors of f.
2, 3, 827
Let t = -442 - -448. Let d(s) = 10*s**2 + s - 17. List the prime factors of d(t).
349
Suppose 4*l - 46 = -2*i, 3*l - 10 = 5*i + 57. Let t(v) = 6*v - 26. Let c be t(l). Let u = -50 + c. List the prime factors of u.
2
Suppose 0 = 3*z - 6 - 9. Suppose 4*t + 2*r + z = 5*t, 32 = 4*t - 2*r. Suppose 42 = 3*b - t. What are the prime factors of b?
17
What are the prime factors of 244*(-2)/24*-435?
5, 29, 61
Let s(h) = -h**3 - 15*h**2 + 13*h + 6. Let y be s(-16). Let k = 55 - y. List the prime factors of 64*(-9)/2*k/(-3).
2, 3
Let q(x) = x**2 + 18*x - 11. Let r be q(-19). Suppose -r*p + 48 = -112. Let d(i) = -i**3 + 20*i**2 + 7*i + 11. List the prime factors of d(p).
151
Suppose -309*h = -305*h + 5*p - 297641, 2*p = -h + 74411. What are the prime factors of h?
3, 17, 1459
Suppose -2*z - 4*u + 24504 - 4984 = 0, -3*z - 7*u = -29283. List the prime factors of z.
2, 4877
Let d(i) = 4*i**2 - 6*i - 1. Let r be d(11). Suppose -r = -3*u + 672. List the prime factors of u.
3, 11
Suppose -3*w = w + 5*o + 19, w + 4*o + 13 = 0. List the prime factors of w - -349 - 24/(-6).
2, 11
Suppose 3*g - 5*y - 26497 = 0, -12*g + 6*g + 53009 = 5*y. List the prime factors of g.
2, 7, 631
Let l be 760/15 - (-5 - (-28)/6). Suppose 3*m + 2*y = 29, -5*m + 2*y = 4*y - l. What are the prime factors of m?
11
Suppose -5*o + 0*o + 2*q = 107, -5*o - q - 104 = 0. Let s = o + 26. Suppose -3*b - 90 = -s*b. List the prime factors of b.
3, 5
Let i = -22140 - -48273. What are the prime factors of i?
3, 31, 281
List the prime factors of ((-9)/(-15))/(((-2)/(-88460))/((-3)/(-6))).
3, 4423
Suppose 4*n = 3*r - 94, 4*n = -3 - 1. Let f = -26 + r. Suppose -2*a + z + 286 = 2*z, -f = -2*z. What are the prime factors of a?
2, 71
Let l(n) = 100*n + 2851. What are the prime factors of l(-19)?
3, 317
Suppose -4*b + 9*b + 17 = -2*r, -4*r - 2*b - 26 = 0. Let d be 6 + (-3892)/49 + r/(-14). Let x = -30 - d. List the prime factors of x.
43
Let v = 2026 - 1602. List the prime factors of v.
2, 53
Let p(k) = 15*k + 47. Let l(v) = 44*v + 145. Let f(n) = -2*l(n) + 7*p(n). List the prime factors of f(33).
2, 3, 5
Suppose 10*a - 62 = -22. Suppose -a*f - 4 = 4*o, -5*o + o + 4 = -4*f. Suppose o = 9*u - 49 - 23. What are the prime factors of u?
2
Let g(y) = -9876*y - 228. List the prime factors of g(-2).
2, 3, 1627
Let n(f) be the first derivative of f**3/3 - 7*f**2/2 - 5*f + 16. Let g be n(8). List the prime factors of ((-3)/(-6))/(g/(-6))*-134.
2, 67
Let a = -44 + 38. Let q be a/(-1 + 4) - -145. Suppose -x + q = 3*f, 3*f = 4*x + x + 149. What are the prime factors of f?
2, 3
Let v(a) = 103*a - 4. Let z(j) = -4*j + 19. Let d be z(4). Let q(s) = 103*s - 3. Let l(u) = d*q(u) - 2*v(u). List the prime factors of l(1).
2, 3, 17
Let n = 131 + -125. Suppose 0 = 17*a + n*a - 27485. What are the prime factors of a?
5, 239
Suppose -s + 2*d + 6303 = 0, 0 = -9*s + 8*s + 4*d + 6311. List the prime factors of s.
5, 1259
Suppose q - 2*s - 3 = 0, 29*s - 31*s = 0. What are the prime factors of 38*q*(-228)/(-38)?
2, 3, 19
Let g be 30/(-12)*8/(-10). Suppose -2*j + 9700 = g*j - 4*t, -5*j = t - 12131. Suppose -9*v + j - 410 = 0. List the prime factors of v.
2, 7
Suppose 5*b - 19 = 2*w, -4*w - 18*b + 32 = -14*b. Suppose 2*c + w*n - 167 = 223, -4*n + 195 = c. What are the prime factors of c?
3, 5, 13
Let i(j) = 154*j**3 - j**2 - j - 1. Suppose -3*f - 5 = 3*y - f, 0 = -y - f - 2. Let u be i(y). Let q = u + 233. What are the prime factors of q?
2, 3, 13
Let b be ((-69)/(-30) - 1/(-5))*2. Let a be (-2*217/(-35))/((-1)/b). Let f = a + 148. List the prime factors of f.
2, 43
Let i(q) = 64*q**2 - 5*q + 2. Suppose 52 - 62 = -10*v. What are the prime factors of i(v)?
61
Suppose 4*n = -18 + 18. Suppose u + 4*r - 20 = n, 2*u + r - 82 = -35. What are the prime factors of u?
2, 3
Let m = 1707 + 1686. What are the prime factors of m?
3, 13, 29
Let z be -4*(18/(-4) - -1). Let t be z - 4*(3 - 2). Suppose -5*y + t = 0, 0*v - 5*v - 5*y = -360. List the prime factors of v.
2, 5, 7
Suppose -10*m + 6*m = -8. Let f(b) = b**m - 6 + 10*b - 17*b + 9*b - 1. List the prime factors of f(-12).
113
Suppose -6*r - 5*t = -10*r + 31564, 2*r = -4*t + 15756. What are the prime factors of r?
2, 3943
Suppose -100*i + 6648558 = 303*i - 5137580. List the prime factors of i.
2, 7, 2089
Let h(x) = 141*x - 274. Let b(v) = -v. Let j(i) = 4*b(i) - h(i). What are the prime factors of j(-7)?
1289
Suppose -438*x + 442*x - 36667 = -5*z, -3*x - 4*z + 27500 = 0. List the prime factors of x.
2, 3, 191
Suppose -2*r + 3*j = 9, -3 - 12 = 2*r - 5*j. Let q(n) = -2*n + 3. Let w be q(r). Suppose -3*x + 35 = y - 0*y, -3*x - 45 = -w*y. What are the prime factors of y?
2, 5
Let m be ((-7 - -1)*6)/(-1). Let l = m + -33. Suppose -2*c = -n + 1